4*q = -6, 4*d + 5 = 2*q - 19. Calculate c(d).
1
Let t(z) be the first derivative of 2 + 1/60*z**5 + 0*z**2 - 1/8*z**4 - z**3 + 0*z. Let u(b) be the third derivative of t(b). What is u(4)?
5
Suppose 0 = 3*o + 12 - 42. Suppose 0*c = -2*c + o. Let h(u) = -c*u + 3*u**2 + 4*u + 0 - 2*u**2 - 7. Determine h(0).
-7
Let v(r) = -7*r**2 + 15 - 3*r + 10*r**2 - 2*r + r**3 - 20 + 0*r. Determine v(-4).
-1
Let f = 13 - 20. Let b be f/(-3) + (-2)/(-3). Let x(d) = 24*d**2 - 4*d + 8. Let h(w) = -38*w**2 + 6*w - 13. Let o(v) = 5*h(v) + 8*x(v). Calculate o(b).
11
Let k(i) = -20*i**3 - 7*i**2 - 38*i + 11. Let c(j) = 7*j**3 + 2*j**2 + 13*j - 4. Let y(w) = 17*c(w) + 6*k(w). Let q = 80 + -87. Calculate y(q).
-2
Suppose 0 = 5*z + 22*z - 216. Let l(t) = t + 7. Calculate l(z).
15
Let u be 3/2 + -1 + 5/2. Let s(d) = -d + 0 - 5 + u. Calculate s(-5).
3
Suppose 2*t = 7*t - 180. Let s(f) = t*f**2 - 42*f**2 + 7*f + f**3 + 0*f**3. Give s(5).
10
Suppose -158 = 5*z + 62. Let h be z/(-11)*2/2. Let g(u) = -3*u**2 + 1 + 1 - u + h*u - 3. Give g(2).
-7
Let m(f) = f**2 + 1. Let n(i) = -i**3 - i**2 + i + 9. Let q(a) = 3*m(a) - n(a). Calculate q(-3).
6
Let l be (6/8)/((-9)/(-24)). Let a(r) = -7*r**2 + r**2 - 6*r**3 + 4*r**3 + 3*r**l. Determine a(-2).
4
Let t(o) be the third derivative of -o**4/12 + 7*o**2 + 5. Calculate t(7).
-14
Let x be (-5)/(5/(-2)) + (-153)/(-3). Let a(v) = -53 - 3*v + v**2 + x. Give a(4).
4
Let r(n) = 34*n + 10. Let f(g) = -37*g - 11. Let v(l) = 6*f(l) + 7*r(l). Determine v(-3).
-44
Let u(v) = 18 + 4*v - 3*v + 2*v - 1. Let b be u(-7). Let x(l) = -l**2 - 6*l - 3. Calculate x(b).
5
Let y = 0 - 6. Let b(n) = -n**2 + 7 - 17*n - 17*n + 47*n - 18*n. Give b(y).
1
Let i(o) = o**2 + 15*o + 26. Let s(f) = -f**2 - 16*f - 31. Let q(p) = -6*i(p) - 5*s(p). Calculate q(-12).
-25
Let d(s) = -3 + 89*s - 272*s + 95*s - s**2 + 93*s. Suppose -j + 5*j + 24 = 0. Let z = 11 + j. Determine d(z).
-3
Let u(c) = c**3 - 10*c**2 + 28*c - 6. Let l be u(5). Let r(v) = -v**2 + 10*v - 4. Give r(l).
5
Let j(c) = -c**3 + 4*c**2 + 3*c - 5*c + 0*c**3. Let f = -288 + 292. Calculate j(f).
-8
Let d = 724 + -715. Let s(t) = t**3 - 10*t**2 + 8*t + 3. Give s(d).
-6
Let q(u) = -2*u - 6. Let v(c) = -3*c - 7. Let a(t) = -6*q(t) + 5*v(t). Let s be 1/((2*-2)/(-12)). What is a(s)?
-8
Let q(r) = -r**3 - 10*r**2 - 8*r + 3. Let l(d) = d - 25. Let m be l(16). Calculate q(m).
-6
Let v(m) = m**2 - 10*m - 3. Suppose 63*z - 58*z - 25 = 0. Suppose 2*w + z*y = 3*w - 34, -w + 19 = -2*y. Calculate v(w).
-12
Let z(b) be the first derivative of -b**4/4 + 5*b**3/3 + 2*b**2 + 11*b + 18. Give z(6).
-1
Let d(m) = -4*m**2 + m + 1. Let r = -32 - -35. Suppose -r*j + a - 4 = 2, -2 = -j - a. Calculate d(j).
-4
Let g(q) = -2*q + 15. Let x(j) = -j + 7. Suppose -6 + 71 = -5*z. Let h(w) = z*x(w) + 6*g(w). Give h(-5).
-6
Suppose 4*w - 1 - 3 = 0. Suppose 4*a - a - 4*s = 11, a + s = -w. Let m(h) = -h**2 + 14*h - 17. Let q(k) = -5*k + 6. Let c(p) = 6*m(p) + 17*q(p). Determine c(a).
-7
Let i(y) be the third derivative of -y**6/120 + y**5/20 - y**3/3 - 8*y**2. Suppose 0*n + 2*n - 9 = z, -2*z - 10 = 0. Give i(n).
2
Let g(v) be the third derivative of -v**6/360 - v**5/15 + 7*v**4/24 + 4*v**3 + 20*v**2. Let n(u) be the first derivative of g(u). Determine n(-7).
14
Let r(h) = -4*h**3 + 3*h**2 + h - 4. Let s(i) = i**3 - i**2 - i + 1. Suppose -1 - 8 = 3*f. Let k(y) = f*s(y) - r(y). Let b = -4 + 2. Give k(b).
-11
Let b(s) be the second derivative of -s**5/10 - s**3/3 - s**2/2 + 9*s. Let i be b(2). Let f = i + 21. Let j(t) = t**2 - t + 4. Determine j(f).
4
Suppose 22*y - 18*y + 24 = 0. Let s(h) = -h**2 - 7*h + 8. Calculate s(y).
14
Let v(h) = -h**3 + 5*h**2 - 7*h + 8. Let j be v(3). Suppose -4*b = -5*a - 13, 2*a - j = -4*b + 1. Let x(l) = -2*l + 3. Calculate x(b).
-1
Let q(n) = -6*n**3 + 2*n**2 - 2*n + 1. Let d be q(1). Let f be -1*(d/(-1) + 0 + 2). Let k(o) = -o**3 - 8*o**2 - 10*o + 2. Give k(f).
23
Let i(r) be the second derivative of 10*r + 3*r**2 - 1/3*r**3 + 0. Determine i(-7).
20
Let s(z) = -z + 14. Let h = -116 + 124. Calculate s(h).
6
Suppose 0 = -3*o + 2*s + 2*s - 4, 3*o + 2*s - 2 = 0. Suppose 28*m - 33*m - 5 = o. Let p(d) be the second derivative of 7*d**3/3 + 2*d. Calculate p(m).
-14
Let y(d) = 11*d**2 + 36 + 7*d - 6*d**2 - 22 - 6*d**2. What is y(8)?
6
Let d(t) be the third derivative of -1/30*t**5 + 0*t - 1/120*t**6 - 1/3*t**3 + 0 - 1/12*t**4 + 7*t**2. Suppose c + 3*u = 4*c, u = -2*c - 6. Give d(c).
2
Let y(h) = -3*h - 1. Suppose -4*k - 12 = 4*t, k + 3*t = -15 + 2. What is y(k)?
-7
Let x be (-7)/(-3 - 10/(-4)). Let f = x + -10. Let a = f + 0. Let t(g) = g**3 - 4*g**2 - 2*g + 5. Determine t(a).
-3
Let h(o) = o**2 - 4*o + 1. Suppose -v = 1, -18 = -4*d - 4*v + 2*v. Suppose -3*u + 24 = d*w - 2*w, 3*w - 18 = -u. What is h(u)?
-2
Suppose -y + d = 2*y - 10, 0 = y - 5*d - 22. Suppose 10 - 8 = z. Let h(l) = 9 - 20 + l**z + l + 12. Determine h(y).
7
Let i(y) = y - 8. Let n(w) = 2*w - 17. Let l(j) = 9*i(j) - 4*n(j). Let m(g) = 3*g + 24. Let q be (-6 + 5)/((-3)/(-21)). Let c be m(q). Determine l(c).
-1
Let w(t) = t**3 + t**2 - t. Let b = 31 + -29. Give w(b).
10
Let b(q) = 9*q + 8*q - 1 - 7*q. Suppose 3*t + 15 = -3*y, -5*t - 5 = 3*y - 0*y. Let x = y + 11. Give b(x).
9
Let p(b) be the second derivative of -b**3/3 - 7*b**2/2 - b - 183. Determine p(-7).
7
Let g(t) be the first derivative of -t**5/60 - t**4/12 - 4*t**2 + 22. Let f(u) be the second derivative of g(u). Give f(-4).
-8
Suppose -2*m + 3*k = 26, -52 = 3*m + 5*k - 3*k. Let f(o) = o**3 + 17*o**2 + 17*o + 7. Give f(m).
-9
Let l be 2/(-4) + 90/12. Suppose -l*a + 4*a - 6 = 0. Let m(y) = 0*y + 21*y**2 - 23*y**2 - 2*y**3 - 1 - 3*y. Give m(a).
13
Let t(y) = -y - 3. Let j(o) = 3*o + 4. Let q(a) = 3*j(a) + 2*t(a). Give q(-6).
-36
Let v(g) = -4 - g**2 + 0*g**2 + 6*g + 1. Let m = 9 - 15. Let n(l) = -l**2 - 7*l - 2. Let s be n(m). Give v(s).
5
Let f(t) = 4*t**2 - 2*t**2 - 3*t**2 + 6*t - 6. Let h be (-6)/(15/(-6) + 1). Suppose 3*c - 2*u + 12 = 34, 0 = -h*c - u + 11. Calculate f(c).
2
Let c(h) = -h + 9. Let x be c(15). Let w(z) = -z**2 - 4*z + 15. What is w(x)?
3
Let v = -257 - -153. Let s = -102 - v. Let o(k) = 2*k**3 - k**2 + k + 1. Calculate o(s).
15
Let k = 42 + -46. Let t(i) = 12*i - 1. Let d(a) = -a. Let n(v) = k*d(v) - t(v). Give n(-1).
9
Let g(h) be the first derivative of h**4 + 2*h**3/3 - h**2/2 + 2*h - 113. Calculate g(-2).
-20
Let c(x) be the second derivative of x**4/12 - 7*x**3/6 - 15*x**2/2 - 179*x. Give c(7).
-15
Suppose 5*n + 4*w + 68 = 0, n + w = -n - 29. Let q = -12 - n. Let x(k) = -7*k + 3*k + 8 + 3*k + q*k. Calculate x(-6).
-10
Let o = -77 - -128. Let f = o - 48. Let y(b) = b + 2. Determine y(f).
5
Let x(p) = 4 - 24*p**3 - 36*p**2 + 46*p**2 - 9*p + 23*p**3. Give x(9).
4
Let t(f) = 3*f**2 + 5*f + 4. Let k(n) = n**2 - 1. Let g(x) = -2*k(x) + t(x). Let a = 73 - 77. Determine g(a).
2
Let x(w) = w**2 + w + 2. Let m(v) = 3*v**2 + 3*v + 7. Let b(k) = 2*m(k) - 7*x(k). Suppose -2*q - 1 = -9. Suppose 0 = -g - 3*g + q. What is b(g)?
-2
Let p(c) = -9*c - 3. Let h be p(-7). Let g be 8/h + 28/15. Let l(z) = z**g - 5*z + 1 - 1 + 4. Give l(6).
10
Let d(a) be the second derivative of a**4/12 - 4*a**3/3 + 4*a**2 + 6*a. Suppose -5*h = -4*x + 8, -2*x = 3*h - 0 - 4. Suppose h = 2*c - 0*c - 12. Determine d(c).
-4
Let n(m) = -10*m - 47. Let u(i) = -2*i - 11. Let h(x) = -2*n(x) + 9*u(x). Calculate h(3).
1
Let v(s) = s + s - s**2 - 6 + 7*s + s. Let x be v(7). Suppose 0 = -4*b + b + x. Let i(h) = h**2 - 4*h - 3. Give i(b).
2
Let w(i) = 8*i**2 - 11*i - 2. Let s(y) = -2*y**2 + 3*y + 1. Let z(a) = 3*s(a) + w(a). What is z(0)?
1
Let l(c) be the third derivative of c**5/60 + c**4/6 - c**3/2 - 102*c**2. Calculate l(1).
2
Suppose -4 + 12 = 4*g. Let c(k) = 7 - 2 - 10*k**2 - 3 - 4*k + 11*k**g. Give c(2).
-2
Let h(w) = 4 - w**2 + 59*w - 79*w + 19*w. Let t be (1 + (-10)/4)*-2. Calculate h(t).
-8
Suppose v - 4*g + 9 = -1, -2*v + 5*g - 8 = 0. Let x be 9/(-27) + 26/v. Let y(o) = 2 - 2 - x*o + 2. What is y(-3)?
14
Let p(o) = -o**2 + 11*o - 16. Suppose -20 = 4*i, 3*h - 3*i - 37 = -i. Determine p(h).
2
Let y(x) = -x**3 - 6*x**2 - 2*x - 1. Let d(g) be the second derivative of -g**4/12 + 11*g**3/6 - 3*g**2 + 14*g. Let s be d(11). Give y(s).
11
Let a(r) = -7*r - 21. Let i(g) = -10*g - 31. Let y(s) = 7*a(s) - 5*i(s). Let q be y(-6). 